{"id":8,"date":"2018-05-01T19:12:03","date_gmt":"2018-05-01T19:12:03","guid":{"rendered":"http:\/\/boberehab.se\/?page_id=6"},"modified":"2024-10-05T19:14:24","modified_gmt":"2024-10-05T17:14:24","slug":"missbruk-och-beroendeproblematik","status":"publish","type":"page","link":"https:\/\/www.boberehab.se\/?page_id=8","title":{"rendered":"Riskbruk och beroendeproblematik"},"content":{"rendered":"<p>Alkoholism \u00e4r en prim\u00e4r, kronisk sjukdom vars utveckling och symtom p\u00e5verkas av genetiska, psykosociala och milj\u00f6betingade faktorer. Sjukdomen \u00e4r ofta progressiv och d\u00f6dlig. Den karakt\u00e4riseras av f\u00f6rlorad kontroll \u00f6ver drickandet, tankem\u00e4ssig koncentration p\u00e5 drogen alkohol och bruk av alkohol trots skadliga konsekvenser samt st\u00f6rd tankef\u00f6rm\u00e5ga, fr\u00e4mst f\u00f6rnekelse. Vary och ett av dessa symtom kan vara kontinuerligt eller periodiskt.<\/p>\n<p>Alkoholism ing\u00e5r i en grupp sjukdomar under samlingsbegreppet kemiskt beroende. Hit h\u00f6r alla sjukdomar orsakade av beroende av sinnesf\u00f6r\u00e4ndrande droger s\u00e5som opiater, centralstimulantia, cannabis och bensodiazepiner. Alla har de det gemensamt att de p\u00e5 olika s\u00e4tt stimulerar dopamin-systemet, hj\u00e4rnans bel\u00f6ningssystem, med n\u00e5gon form av lustupplevelse som f\u00f6ljd. Skilda droger ger dessutom olika andra effekter och bieffekter vilket ger m\u00f6jlighet till personligt val av favoritdrog.<\/p>\n<p>En av de l\u00e4kare som haft mest betydelse f\u00f6r beskrivning och f\u00f6rst\u00e5else av alkoholismen \u00e4r Dr Jellinek (verkade p\u00e5 40-50-talet i USA). Han g\u00f6r f\u00f6ljande indelning av och olika typer av alkoholism:<\/p>\n<p>Alfa-alkoholism = H\u00f6gkonsumtion utan fysiskt, men psykiskt beroende. Stark tilltro till alkohol, som probleml\u00f6sare och sm\u00f6rjmedel \u00e4ven under vardagar. Kan leda till familje och\/eller arbetsplatsproblem.<\/p>\n<p>Beta-alkoholism = Riskabelt\/Skadligt bruk eller psykiskt beroende av alkohol. Tidiga skador p\u00e5 lever, mags\u00e4ck och bukspottk\u00f6rtel \u00e4r vanliga. Den \u00e4r vanlig i kulturer med ensidig kost och stark \u00f6verkonsumtion av alkohol.<\/p>\n<p>Delta-alkoholism = Psykiskt och fysiskt beroende f\u00f6religger med \u00e5terst\u00e4llarbehov. ( abstinensproblem ) I denna typ har personen fortfarande viss kontroll p\u00e5 konsumtionen, kan allts\u00e5 avsluta sitt drickande i tid. Dricker mindre men oftare.<\/p>\n<p>Gamma-alkoholism = Den mest f\u00f6r\u00f6dande typen av alkoholism n\u00e4r det g\u00e4ller den fysiska h\u00e4lsan och det sociala f\u00f6rfallet. Den \u00e4r uppdelad i tre stadier. Starkt psykiskt och fysiskt beroende.<\/p>\n<p>Gamma 1. Stark tilltro till alkohol, s\u00f6ker g\u00e4rna upp situationer att f\u00e5 dricka och tappar kontrollen \u00f6ver m\u00e4ngden.<\/p>\n<p>Gamma 2. Risk f\u00f6r eller tecken p\u00e5 sjukdom. En \u00f6kning av \u00e5terst\u00e4llarbehov \u00e4r oundviklig. Kontrollf\u00f6rlusten \u00f6kar.<\/p>\n<p>Gamma 3. Total kontrollf\u00f6rlust. Skyddsl\u00f6s.<\/p>\n<p>Epsilon-alkoholism = H\u00e5rdsupande under ett antal dygn eller veckor med l\u00e5nga nyktra perioder d\u00e4remellan. Dricker 2 till 3 perioder per \u00e5r. Total kontrollf\u00f6rlust n\u00e4r personen v\u00e4l b\u00f6rjar dricka. Denna typ p\u00e5minner om Gamma-alkoholism n\u00e4r personen v\u00e4l dricker.<\/p>\n<p>Jag anv\u00e4nder mig av ett testverktyg som heter Repro-K och\/eller ASI,\u00a0 d\u00e4r jag kan se vilken kraft och typ av alkoholism det ev. kan r\u00f6ra sig om. (se ovan)<\/p>\n<p>Det \u00e4r viktigt att komma ih\u00e5g att beroendet\/alkoholismen \u00e4r en sjukdom. Det anses att man \u00e4rver en ben\u00e4genhet f\u00f6r beroende, medan val av drog best\u00e4ms av andra faktorer s\u00e5som sociala, personlighetsm\u00e4ssiga eller slumpm\u00e4ssiga val.<\/p>\n<p>Jag anser att \u00e4ven andra typer av &#8221;droger&#8221; kan anv\u00e4ndas dysfunktionellt och att man blir beroende. Man f\u00e5r samma symtom som vid alkohol\/drogberoende. N\u00e5gra exempel \u00e4r spel, sex, shopping och mat etc. etc. Oavsett val av drog\/besatthet s\u00e5 leder det till kontrollf\u00f6rlust, skuld och skamk\u00e4nslor och framf\u00f6rallt s\u00e5 leder det till f\u00f6rnekelse.<\/p>\n","protected":false},"excerpt":{"rendered":"<p>Alkoholism \u00e4r en prim\u00e4r, kronisk sjukdom vars utveckling och symtom p\u00e5verkas av genetiska, psykosociala och milj\u00f6betingade faktorer. Sjukdomen \u00e4r ofta progressiv och d\u00f6dlig. Den karakt\u00e4riseras av f\u00f6rlorad kontroll \u00f6ver drickandet, tankem\u00e4ssig koncentration p\u00e5 drogen alkohol och bruk av alkohol trots &hellip; <a href=\"https:\/\/www.boberehab.se\/?page_id=8\">Forts\u00e4tt l\u00e4sa <span class=\"meta-nav\">&rarr;<\/span><\/a><\/p>\n","protected":false},"author":1,"featured_media":0,"parent":0,"menu_order":2,"comment_status":"open","ping_status":"open","template":"","meta":{"footnotes":""},"class_list":["post-8","page","type-page","status-publish","hentry"],"_links":{"self":[{"href":"https:\/\/www.boberehab.se\/index.php?rest_route=\/wp\/v2\/pages\/8"}],"collection":[{"href":"https:\/\/www.boberehab.se\/index.php?rest_route=\/wp\/v2\/pages"}],"about":[{"href":"https:\/\/www.boberehab.se\/index.php?rest_route=\/wp\/v2\/types\/page"}],"author":[{"embeddable":true,"href":"https:\/\/www.boberehab.se\/index.php?rest_route=\/wp\/v2\/users\/1"}],"replies":[{"embeddable":true,"href":"https:\/\/www.boberehab.se\/index.php?rest_route=%2Fwp%2Fv2%2Fcomments&post=8"}],"version-history":[{"count":1,"href":"https:\/\/www.boberehab.se\/index.php?rest_route=\/wp\/v2\/pages\/8\/revisions"}],"predecessor-version":[{"id":99,"href":"https:\/\/www.boberehab.se\/index.php?rest_route=\/wp\/v2\/pages\/8\/revisions\/99"}],"wp:attachment":[{"href":"https:\/\/www.boberehab.se\/index.php?rest_route=%2Fwp%2Fv2%2Fmedia&parent=8"}],"curies":[{"name":"wp","href":"https:\/\/api.w.org\/{rel}","templated":true}]}}